t is the ten millions digit of 316316752?
1
What is the tens digit of 30567383?
8
What is the tens digit of 83131325?
2
What is the millions digit of 59139776?
9
What is the hundreds digit of 183144177?
1
What is the hundred millions digit of 2042200945?
0
What is the hundreds digit of 1373275810?
8
What is the hundred millions digit of 1366751251?
3
What is the ten thousands digit of 64676176?
7
What is the units digit of 3018403504?
4
What is the ten thousands digit of 158533495?
3
What is the units digit of 73078781?
1
What is the tens digit of 2002835030?
3
What is the units digit of 1137190914?
4
What is the ten millions digit of 48761132?
4
What is the thousands digit of 22833332?
3
What is the thousands digit of 78249913?
9
What is the thousands digit of 8377275?
7
What is the hundred thousands digit of 59408482?
4
What is the millions digit of 32954876?
2
What is the ten thousands digit of 6625484029?
8
What is the hundreds digit of 108746107?
1
What is the ten millions digit of 262110585?
6
What is the hundred thousands digit of 36401975?
4
What is the units digit of 259609276?
6
What is the hundred thousands digit of 34192352?
1
What is the units digit of 13234662?
2
What is the hundred thousands digit of 1236464793?
4
What is the ten millions digit of 129170850?
2
What is the billions digit of 3006960426?
3
What is the hundred millions digit of 328657430?
3
What is the millions digit of 1413939862?
3
What is the ten thousands digit of 1754873354?
7
What is the ten thousands digit of 98437224?
3
What is the tens digit of 72696841?
4
What is the hundred millions digit of 209141524?
2
What is the thousands digit of 39997336?
7
What is the ten millions digit of 48502565?
4
What is the ten thousands digit of 1339161764?
6
What is the units digit of 41812955?
5
What is the hundred millions digit of 665691154?
6
What is the units digit of 2079574396?
6
What is the hundred millions digit of 378839420?
3
What is the tens digit of 158882321?
2
What is the tens digit of 1792975099?
9
What is the units digit of 71847313?
3
What is the tens digit of 228170183?
8
What is the thousands digit of 113847736?
7
What is the hundreds digit of 8941203?
2
What is the hundred millions digit of 811646803?
8
What is the tens digit of 196103868?
6
What is the thousands digit of 1192053212?
3
What is the hundreds digit of 474718183?
1
What is the units digit of 388435538?
8
What is the ten thousands digit of 255631?
5
What is the thousands digit of 73548351?
8
What is the ten millions digit of 516447020?
1
What is the millions digit of 398355273?
8
What is the ten thousands digit of 91161275?
6
What is the ten millions digit of 697098505?
9
What is the hundred thousands digit of 3938696381?
6
What is the units digit of 810233561?
1
What is the tens digit of 3025603687?
8
What is the units digit of 718658453?
3
What is the tens digit of 54242176?
7
What is the millions digit of 521532612?
1
What is the hundreds digit of 5574945459?
4
What is the units digit of 2182712020?
0
What is the tens digit of 35033856?
5
What is the ten millions digit of 1734987488?
3
What is the ten millions digit of 100619483?
0
What is the tens digit of 1462743669?
6
What is the thousands digit of 520273111?
3
What is the tens digit of 290263639?
3
What is the billions digit of 6434320253?
6
What is the ten thousands digit of 48003585?
0
What is the millions digit of 7154481984?
4
What is the units digit of 1199585663?
3
What is the tens digit of 335910266?
6
What is the millions digit of 85951751?
5
What is the ten thousands digit of 17427382?
2
What is the hundred millions digit of 4867443395?
8
What is the units digit of 1105519254?
4
What is the millions digit of 1003049388?
3
What is the thousands digit of 170169899?
9
What is the millions digit of 88233608?
8
What is the thousands digit of 1996250?
6
What is the units digit of 1409290260?
0
What is the ten thousands digit of 75759462?
5
What is the hundred millions digit of 574175209?
5
What is the ten thousands digit of 705525489?
2
What is the tens digit of 85580548?
4
What is the hundred thousands digit of 2199643996?
6
What is the ten thousands digit of 32847491?
4
What is the units digit of 241751822?
2
What is the hundred thousands digit of 30884357?
8
What is the thousands digit of 2202074831?
4
What is the tens digit of 107003510?
1
What is the thousands digit of 34986066?
6
What is the hundred millions digit of 2204628393?
2
What is the hundreds digit of 6192809387?
3
What is the ten thousands digit of 43301473?
0
What is the millions digit of 79231669?
9
What is the millions digit of 719148804?
9
What is the thousands digit of 15416015?
6
What is the tens digit of 143958821?
2
What is the billions digit of 3795651020?
3
What is the millions digit of 136710299?
6
What is the hundreds digit of 176667866?
8
What is the millions digit of 1622395851?
2
What is the millions digit of 2247212955?
7
What is the units digit of 52033940?
0
What is the thousands digit of 2036196772?
6
What is the ten thousands digit of 103831216?
3
What is the hundred millions digit of 1490550478?
4
What is the ten millions digit of 254446892?
5
What is the hundreds digit of 116228695?
6
What is the tens digit of 567032535?
3
What is the hundreds digit of 3552599972?
9
What is the hundred thousands digit of 563009804?
0
What is the units digit of 488797408?
8
What is the thousands digit of 4287358375?
8
What is the units digit of 52416323?
3
What is the units digit of 723524998?
8
What is the units digit of 3332904361?
1
What is the ten thousands digit of 4834335972?
3
What is the ten thousands digit of 13236223?
3
What is the thousands digit of 63373400?
3
What is the millions digit of 134911649?
4
What is the hundreds digit of 9114395138?
1
What is the units digit of 124222067?
7
What is the hundred thousands digit of 336040538?
0
What is the hundred millions digit of 7363490095?
3
What is the hundreds digit of 28115519?
5
What is the hundred thousands digit of 392972259?
9
What is the units digit of 601221426?
6
What is the hundred millions digit of 105232420?
1
What is the hundred millions digit of 421487258?
4
What is the ten thousands digit of 8066555982?
5
What is the millions digit of 258845452?
8
What is the thousands digit of 1914751863?
1
What is the hundred thousands digit of 11425148?
4
What is the hundred thousands digit of 16814854?
8
What is the units digit of 3143229066?
6
What is the hundred thousands digit of 1242307720?
3
What is the millions digit of 4267105440?
7
What is the millions digit of 374759455?
4
What is the millions digit of 622389266?
2
What is the thousands digit of 5012862863?
2
What is the thousands digit of 17694692?
4
What is the ten millions digit of 353008540?
5
What is the millions digit of 168938824?
8
What is the hundreds digit of 110058623?
6
What is the tens digit of 284428224?
2
What is the millions digit of 1120199265?
0
What is the thousands digit of 3249030329?
0
What is the units digit of 1023835538?
8
What is the hundreds digit of 15699354?
3
What is the hundred millions digit of 1376031353?
3
What is the hundred millions digit of 4050961563?
0
What is the ten thousands digit of 479071616?
7
What is the hundreds digit of 4642616066?
0
What is the hundreds digit of 129002850?
8
What is the billions digit of 3572591447?
3
What is the hundred thousands digit of 144381466?
3
What is the hundred thousands digit of 485536362?
5
What is the hundreds digit of 633635952?
9
What is the millions digit of 47200861?
7
What is the hundred millions digit of 754493081?
7
What is the thousands digit of 3583588325?
8
What is the millions digit of 2349544964?
9
What is the hundreds digit of 92500080?
0
What is the millions digit of 201447596?
1
What is the hundred thousands digit of 3141409407?
4
What is the hundreds digit of 251347890?
8
What is the hundred millions digit of 360642983?
3
What is the thousands digit of 50201237?
1
What is the hundred thousands digit of 1874643626?
6
What is the units digit of 296830287?
7
What is the hundred millions digit of 136011650?
1
What is the ten millions digit of 1620020717?
2
What is the thousands digit of 1378845095?
5
What is the units digit of 1144622494?
4
What is